{"id":9304,"date":"2019-10-08T15:52:25","date_gmt":"2019-10-08T18:52:25","guid":{"rendered":"https:\/\/www.unifio.edu.br\/?page_id=9304"},"modified":"2024-02-02T16:08:23","modified_gmt":"2024-02-02T19:08:23","slug":"cursos-de-pos-graduacao","status":"publish","type":"page","link":"https:\/\/www.unifio.edu.br\/home\/cursos-de-pos-graduacao\/","title":{"rendered":"Cursos de P\u00f3s-Gradua\u00e7\u00e3o"},"content":{"rendered":"<h1>Cursos<\/h1>\n<div class=\"grid-plus-container grid-69f0dc2cf2458 course \"\n     id=\"69f0dc2cf2458\"\n     data-grid-name=\"P\u00f3s Gradua\u00e7\u00e3o - Inicio Imediato\"\n     data-animation=\"fadeInUp\">\n    <div class=\"grid-stack-container grid-plus-inner\"\n         data-ajax-url=\"https:\/\/www.unifio.edu.br\/wp-admin\/admin-ajax.php\"\n         data-grid-id=\"611d600255fe6\"\n         data-current-category=\"\"\n         data-section-id=\"69f0dc2cf2458\"\n         data-gutter=\"10\"\n         data-columns=\"3\"\n         data-height-ratio=\"1\"\n         data-width-ratio=\"1\"\n         data-desktop-columns=\"3\"\n         data-tablet-columns=\"2\"\n         data-mobile-columns=\"1\"\n         data-layout-type=\"grid\"\n         data-fix-item-height=\"false\"\n         data-nonce=\"1d1034ac45\"\n    >\n        \n        <div class=\"grid-stack grid-stack-3\" data-layout=\"grid\"\n             style=\"height: 3230px\">\n        <\/div>\n        <div class=\"grid-items\">\n                            <div class=\"item\" data-gs-x=\"0\"\n                     data-gs-y=\"0\"\n                     data-gs-width=\"1\"\n                     data-gs-height=\"54\"\n                     data-skin=\"thumbnail-icon-title-excerpt\"\n\n                     data-desktop-gs-x=\"0\"\n                     data-desktop-gs-y=\"0\"\n                     data-desktop-gs-width=\"1\"\n                     data-desktop-gs-height=\"54\"\n                     data-desktop-skin=\"thumbnail-icon-title-excerpt\"\n\n                     data-image-width=\"1080\"\n                     data-image-height=\"1080\"\n                >\n                    <div class=\"grid-post-item thumbnail-title\" data-post-info-class=\"post-info\">\n    <div class=\"thumbnail-image\" data-img=\"https:\/\/www.unifio.edu.br\/wp-content\/uploads\/2019\/10\/Cover_Fertilidade-800x1080.jpg\">\n                    <img decoding=\"async\" src=\"https:\/\/www.unifio.edu.br\/wp-content\/uploads\/2019\/10\/Cover_Fertilidade-800x1080.jpg\" alt=\"P\u00f3s-Gradua\u00e7\u00e3o em Fertilidade do Solo e Nutri\u00e7\u00e3o de Plantas\" >\n                <div class=\"hover-outer transition-30\">\n                            <a href=\"https:\/\/www.unifio.edu.br\/home\/course\/pos-graduacao-em-fertilidade-do-solo-e-nutricao-de-plantas\/\" title=\"P\u00f3s-Gradua\u00e7\u00e3o em Fertilidade do Solo e Nutri\u00e7\u00e3o de Plantas\"><\/a>\n                        <div class=\"hover-inner transition-50\">\n                <div class=\"icon-groups\">\n                                            <a href=\"https:\/\/www.unifio.edu.br\/home\/course\/pos-graduacao-em-fertilidade-do-solo-e-nutricao-de-plantas\/\" class=\"view-detail\" ><i class=\"fa fa-link\"><\/i><\/a>\n                                        <a href=\"javascript:;\" data-src=\"https:\/\/www.unifio.edu.br\/wp-content\/uploads\/2019\/10\/Cover_Fertilidade.jpg\" class=\"view-gallery\" data-post-id=\"9668\"\n                       data-ajax-url=\"https:\/\/www.unifio.edu.br\/wp-admin\/admin-ajax.php?_wpnonce=0192c9d3c9\"><i class=\"fa fa-search\"><\/i><\/a>\n                <\/div>\n            <\/div>\n        <\/div>\n    <\/div>\n    <div class=\"post-info\">\n                    <div class=\"title\">\n                                    <a href=\"https:\/\/www.unifio.edu.br\/home\/course\/pos-graduacao-em-fertilidade-do-solo-e-nutricao-de-plantas\/\" title=\"P\u00f3s-Gradua\u00e7\u00e3o em Fertilidade do Solo e Nutri\u00e7\u00e3o de Plantas\">P\u00f3s-Gradua\u00e7\u00e3o em Fertilidade do Solo e Nutri\u00e7\u00e3o de Plantas<\/a>\n                            <\/div>\n                    <\/div>\n<\/div>\n                <\/div>\n                        <\/div>\n\n            <\/div>\n<\/div>\n\n<div class=\"grid-plus-container grid-69f0dc2d02233 course \"\n     id=\"69f0dc2d02233\"\n     data-grid-name=\"P\u00f3s Gradua\u00e7\u00e3o - Inscri\u00e7\u00f5es Abertas\"\n     data-animation=\"fadeInUp\">\n    <div class=\"grid-stack-container grid-plus-inner\"\n         data-ajax-url=\"https:\/\/www.unifio.edu.br\/wp-admin\/admin-ajax.php\"\n         data-grid-id=\"611d62d658db6\"\n         data-current-category=\"117\"\n         data-section-id=\"69f0dc2d02233\"\n         data-gutter=\"20\"\n         data-columns=\"3\"\n         data-height-ratio=\"1\"\n         data-width-ratio=\"1\"\n         data-desktop-columns=\"3\"\n         data-tablet-columns=\"2\"\n         data-mobile-columns=\"1\"\n         data-layout-type=\"grid\"\n         data-fix-item-height=\"false\"\n         data-nonce=\"1d1034ac45\"\n    >\n        \n        <div class=\"grid-stack grid-stack-3\" data-layout=\"grid\"\n             style=\"height: 4840px\">\n        <\/div>\n        <div class=\"grid-items\">\n                    <\/div>\n\n            <\/div>\n<\/div>\n\n<h1>Contato<\/h1>\n<p>Para mais informa\u00e7\u00f5es, entre em contato com o departamento de P\u00f3s-Gradua\u00e7\u00e3o do Centro Universit\u00e1rio UNIFIO<em>.<\/em><br \/>\nFone: \u202f(14) 99683-3770.<\/p>\n<p>E-mail: comercial@unifio.edu.br<br \/>\n<iframe title=\"Rodovia BR 153, Km 338+420m, Bairro \u00c1gua do Cateto, Ourinhos-SP. CEP 19909-100\" src=\"https:\/\/maps.google.com\/maps?q=Rodovia%20BR%20153%2C%20Km%20338%2B420m%2C%20Bairro%20%C3%81gua%20do%20Cateto%2C%20Ourinhos-SP.%20CEP%2019909-100&amp;t=m&amp;z=10&amp;output=embed&amp;iwloc=near\" frameborder=\"0\" marginwidth=\"0\" marginheight=\"0\" scrolling=\"no\" aria-label=\"Rodovia BR 153, Km 338+420m, Bairro \u00c1gua do Cateto, Ourinhos-SP. CEP 19909-100\"><\/iframe><\/p>\n","protected":false},"excerpt":{"rendered":"<p>Cursos Contato Para mais informa\u00e7\u00f5es, entre em contato com o departamento de P\u00f3s-Gradua\u00e7\u00e3o do Centro Universit\u00e1rio UNIFIO. Fone: \u202f(14) 99683-3770. E-mail: comercial@unifio.edu.br<\/p>\n","protected":false},"author":12,"featured_media":0,"parent":0,"menu_order":0,"comment_status":"closed","ping_status":"closed","template":"","meta":{"_monsterinsights_skip_tracking":false,"_monsterinsights_sitenote_active":false,"_monsterinsights_sitenote_note":"","_monsterinsights_sitenote_category":0,"footnotes":""},"class_list":["post-9304","page","type-page","status-publish","hentry"],"_links":{"self":[{"href":"https:\/\/www.unifio.edu.br\/home\/wp-json\/wp\/v2\/pages\/9304","targetHints":{"allow":["GET"]}}],"collection":[{"href":"https:\/\/www.unifio.edu.br\/home\/wp-json\/wp\/v2\/pages"}],"about":[{"href":"https:\/\/www.unifio.edu.br\/home\/wp-json\/wp\/v2\/types\/page"}],"author":[{"embeddable":true,"href":"https:\/\/www.unifio.edu.br\/home\/wp-json\/wp\/v2\/users\/12"}],"replies":[{"embeddable":true,"href":"https:\/\/www.unifio.edu.br\/home\/wp-json\/wp\/v2\/comments?post=9304"}],"version-history":[{"count":5,"href":"https:\/\/www.unifio.edu.br\/home\/wp-json\/wp\/v2\/pages\/9304\/revisions"}],"predecessor-version":[{"id":20095,"href":"https:\/\/www.unifio.edu.br\/home\/wp-json\/wp\/v2\/pages\/9304\/revisions\/20095"}],"wp:attachment":[{"href":"https:\/\/www.unifio.edu.br\/home\/wp-json\/wp\/v2\/media?parent=9304"}],"curies":[{"name":"wp","href":"https:\/\/api.w.org\/{rel}","templated":true}]}}