{"id":12350,"date":"2019-12-16T12:41:02","date_gmt":"2019-12-16T14:41:02","guid":{"rendered":"https:\/\/www.unifio.edu.br\/home\/?page_id=12350"},"modified":"2024-04-24T10:03:21","modified_gmt":"2024-04-24T13:03:21","slug":"nucleo-tecnologico-de-educacao-aberta-ntea","status":"publish","type":"page","link":"https:\/\/www.unifio.edu.br\/home\/nucleo-tecnologico-de-educacao-aberta-ntea\/","title":{"rendered":"N\u00facleo Tecnol\u00f3gico de Educa\u00e7\u00e3o Aberta &#8211; NTEA"},"content":{"rendered":"","protected":false},"excerpt":{"rendered":"","protected":false},"author":12,"featured_media":0,"parent":0,"menu_order":0,"comment_status":"closed","ping_status":"closed","template":"","meta":{"_monsterinsights_skip_tracking":false,"_monsterinsights_sitenote_active":false,"_monsterinsights_sitenote_note":"","_monsterinsights_sitenote_category":0,"footnotes":""},"class_list":["post-12350","page","type-page","status-publish","hentry"],"_links":{"self":[{"href":"https:\/\/www.unifio.edu.br\/home\/wp-json\/wp\/v2\/pages\/12350","targetHints":{"allow":["GET"]}}],"collection":[{"href":"https:\/\/www.unifio.edu.br\/home\/wp-json\/wp\/v2\/pages"}],"about":[{"href":"https:\/\/www.unifio.edu.br\/home\/wp-json\/wp\/v2\/types\/page"}],"author":[{"embeddable":true,"href":"https:\/\/www.unifio.edu.br\/home\/wp-json\/wp\/v2\/users\/12"}],"replies":[{"embeddable":true,"href":"https:\/\/www.unifio.edu.br\/home\/wp-json\/wp\/v2\/comments?post=12350"}],"version-history":[{"count":5,"href":"https:\/\/www.unifio.edu.br\/home\/wp-json\/wp\/v2\/pages\/12350\/revisions"}],"predecessor-version":[{"id":20074,"href":"https:\/\/www.unifio.edu.br\/home\/wp-json\/wp\/v2\/pages\/12350\/revisions\/20074"}],"wp:attachment":[{"href":"https:\/\/www.unifio.edu.br\/home\/wp-json\/wp\/v2\/media?parent=12350"}],"curies":[{"name":"wp","href":"https:\/\/api.w.org\/{rel}","templated":true}]}}