{"id":11295,"date":"2019-10-25T11:44:48","date_gmt":"2019-10-25T13:44:48","guid":{"rendered":"https:\/\/www.unifio.edu.br\/?page_id=11295"},"modified":"2025-01-28T09:03:53","modified_gmt":"2025-01-28T12:03:53","slug":"nucleo-de-promocao-e-inclusao-da-diversidade","status":"publish","type":"page","link":"https:\/\/www.unifio.edu.br\/home\/nucleo-de-promocao-e-inclusao-da-diversidade\/","title":{"rendered":"N\u00facleo de Promo\u00e7\u00e3o e Inclus\u00e3o da Diversidade"},"content":{"rendered":"","protected":false},"excerpt":{"rendered":"","protected":false},"author":12,"featured_media":0,"parent":0,"menu_order":0,"comment_status":"closed","ping_status":"closed","template":"","meta":{"_monsterinsights_skip_tracking":false,"_monsterinsights_sitenote_active":false,"_monsterinsights_sitenote_note":"","_monsterinsights_sitenote_category":0,"footnotes":""},"class_list":["post-11295","page","type-page","status-publish","hentry"],"_links":{"self":[{"href":"https:\/\/www.unifio.edu.br\/home\/wp-json\/wp\/v2\/pages\/11295","targetHints":{"allow":["GET"]}}],"collection":[{"href":"https:\/\/www.unifio.edu.br\/home\/wp-json\/wp\/v2\/pages"}],"about":[{"href":"https:\/\/www.unifio.edu.br\/home\/wp-json\/wp\/v2\/types\/page"}],"author":[{"embeddable":true,"href":"https:\/\/www.unifio.edu.br\/home\/wp-json\/wp\/v2\/users\/12"}],"replies":[{"embeddable":true,"href":"https:\/\/www.unifio.edu.br\/home\/wp-json\/wp\/v2\/comments?post=11295"}],"version-history":[{"count":5,"href":"https:\/\/www.unifio.edu.br\/home\/wp-json\/wp\/v2\/pages\/11295\/revisions"}],"predecessor-version":[{"id":21535,"href":"https:\/\/www.unifio.edu.br\/home\/wp-json\/wp\/v2\/pages\/11295\/revisions\/21535"}],"wp:attachment":[{"href":"https:\/\/www.unifio.edu.br\/home\/wp-json\/wp\/v2\/media?parent=11295"}],"curies":[{"name":"wp","href":"https:\/\/api.w.org\/{rel}","templated":true}]}}

Núcleo de Promoção e Inclusão da Diversidade
